{"id":36623,"date":"2026-03-23T10:39:53","date_gmt":"2026-03-23T09:39:53","guid":{"rendered":"https:\/\/www.kern-unternehmensnachfolge.com\/?page_id=36623"},"modified":"2026-03-23T10:42:00","modified_gmt":"2026-03-23T09:42:00","slug":"bayreuth","status":"publish","type":"page","link":"https:\/\/www.kern-unternehmensnachfolge.com\/it\/standort\/bayreuth\/","title":{"rendered":"<span class=\"caps\">KERN<\/span> \u2013 Stand\u00adort Bayreuth"},"content":{"rendered":"<p><a target=\"_blank\" href=\"https:\/\/www.kern-unternehmensnachfolge.com\/it\/\" data-id-d=\"0\" data-img-style=\"width: 100%;\"><img decoding=\"async\" src=\"https:\/\/www.kern-unternehmensnachfolge.com\/wp-content\/uploads\/2023\/05\/kern_logo2023_rgb_farbig_transparent.png\" height=\"502\" width=\"1317\" alt=\"KERN Logo\" style=\"width: 100%;\" loading=\"lazy\"><\/a><\/p>\n<h2 style=\"text-align: left;\">Unternehmens\u00adnachfolge, Unter\u00adnehmens\u00adverkauf, Generationswechsel<\/h2>\n<h1>Treffen Sie die Spezia\u00adlis\u00adten f\u00fcr Unternehmens\u00adnachfolge in Bayreuth<\/h1>\n<h3 style=\"text-align: left;\">Ihr <span class=\"caps\">KERN<\/span> Partner in Bayreuth<\/h3>\n<h3 style>Wolfgang A. B\u00fcrger<\/h3>\n<p>Jahrgang 1971, Bankkauf\u00admann, FH-Studi\u00adum <span class=\"caps\">BWL<\/span> in der Fachrich\u00adtung Banken\/Finanzierung, zerti\u00adfi\u00adzier\u00adter syste\u00admi\u00adscher Berater und Coach mit den Schwer\u00adpunk\u00adten Strate\u00adgie\u00adent\u00adwick\u00adlung, Change-Manage\u00adment und Nachfolgeprozesse.<\/p>\n<p><span style=\"width: 100%;\"><img decoding=\"async\" alt=\"Wolfgang Buerger - Kern\" title=\"Wolfgang Buerger - Kern\" data-id=\"32566\" src=\"https:\/\/www.kern-unternehmensnachfolge.com\/wp-content\/uploads\/2025\/01\/Wolfgang-Buerger-Kern.jpg\" style=\"aspect-ratio: auto 1680 \/ 945;\" width=\"493\" height=\"277\" data-width=\"493\" data-height=\"277\" data-init-width=\"1680\" data-init-height=\"945\" mt-d=\"0\" ml-d=\"0\" center-v-d=\"false\" mt-t=\"0\" ml-t=\"0\" loading=\"lazy\"><\/span><\/p>\n<h3 style>Reto Faulen\u00adbach<\/h3>\n<p>Jahrgang 1974, Sport\u00f6ko\u00adnom und Spezia\u00adlist f\u00fcr Nachfol\u00adge\u00adl\u00f6\u00adsun\u00adgen. In seinen F\u00fchrungs\u00adauf\u00adga\u00adben hat er mehrfach erfolg\u00adreich selbst den Prozess des Verkaufs erlebt und gestaltet.<\/p>\n<p><span style=\"width: 100%;\"><img decoding=\"async\" alt title=\"unternehmensnachfolge-bayreuth-faulenbach\" data-id=\"29946\" src=\"https:\/\/www.kern-unternehmensnachfolge.com\/wp-content\/uploads\/2024\/02\/unternehmensnachfolge-bayreuth-faulenbach.jpeg\" style=\"aspect-ratio: auto 1280 \/ 720;\" width=\"493\" height=\"277\" data-width=\"493\" data-height=\"277\" data-init-width=\"1280\" data-init-height=\"720\" mt-d=\"0\" ml-d=\"0\" center-v-d=\"false\" mt-t=\"0\" ml-t=\"-21.625\" loading=\"lazy\"><\/span><\/p>\n<h3 style=\"text-align: center;\">Bei uns sind Sie viel mehr als nur ein Kunde. Ihre Unternehmens\u00adnachfolge liegt uns am Herzen.<\/h3>\n<p>Sie sind auf der Suche nach einem Partner, der Ihre Unternehmens\u00adnachfolge vertrau\u00adens\u00advoll, kompe\u00adtent und engagiert beglei\u00adtet. Bei <span class=\"caps\">KERN<\/span> treffen Sie Menschen, f\u00fcr die Sie mehr sind als eine Beratungs\u00adkun\u00adde. Menschen, die Sie verste\u00adhen und die wissen, was dieser gro\u00dfe Schritt f\u00fcr Sie ganz pers\u00f6n\u00adlich bedeutet.<\/p>\n<p>Oft handelt es sich um hohe und sehr wichti\u00adge Verm\u00f6\u00adgens\u00adwer\u00adte. Es geht um Ihre pers\u00f6n\u00adli\u00adche Absiche\u00adrung, die Zukunft Ihrer Mitar\u00adbei\u00adter oder auch um Wachs\u00adtum und die konkre\u00adte Identi\u00adfi\u00adzie\u00adrung des passen\u00adden K\u00e4ufers oder Verk\u00e4ufers.<\/p>\n<p>Die Erfah\u00adrung und Exper\u00adti\u00adse Ihres <span class=\"caps\">KERN<\/span> Beraters kann Sie vor teuren und schwer\u00adwie\u00adgen\u00adden Fehlern sch\u00fct\u00adzen. Machen Sie jetzt den n\u00e4chs\u00adten Schritt bei Ihrer Unternehmens\u00adnachfolge, dem <a href=\"https:\/\/www.kern-unternehmensnachfolge.com\/it\/unternehmensverkauf\/\" target=\"_blank\" style=\"outline: none;\">Vendita d\u2019impre\u00adsa<\/a> , Unter\u00adnehmens\u00adkauf oder Generationswechsel.<\/p>\n<p><strong><span class=\"caps\">KERN<\/span> Unternehmens\u00adnachfolge Bayreuth<\/strong><br> (alle Partner sind recht\u00adlich eigen\u00adst\u00e4n\u00addig) <br>Oberkon\u00adners\u00adreu\u00adther Stra\u00dfe <span class=\"caps\">6A<\/span><br>95448 Bayreuth<\/p>\n<p><a href=\"mailto:bayreuth@kern-unternehmensnachfolge.com\" target=\"_blank\" style=\"outline: none;\">bayreuth@kern-unternehmensnachfolge.com<\/a><\/p>","protected":false},"excerpt":{"rendered":"<p>Unternehmensnachfolge, Unternehmensverkauf, Generationswechsel Treffen Sie die Spezialisten f\u00fcr Unternehmensnachfolge in Bayreuth Ihr KERN Partner in Bayreuth Wolfgang A. B\u00fcrger Jahrgang [&hellip;]<\/p>\n","protected":false},"author":84,"featured_media":0,"parent":27709,"menu_order":0,"comment_status":"closed","ping_status":"closed","template":"","meta":{"wp_typography_post_enhancements_disabled":false,"_kad_blocks_custom_css":"","_kad_blocks_head_custom_js":"","_kad_blocks_body_custom_js":"","_kad_blocks_footer_custom_js":"","site-sidebar-layout":"no-sidebar","site-content-layout":"page-builder","ast-site-content-layout":"full-width-container","site-content-style":"unboxed","site-sidebar-style":"unboxed","ast-global-header-display":"disabled","ast-banner-title-visibility":"disabled","ast-main-header-display":"","ast-hfb-above-header-display":"","ast-hfb-below-header-display":"","ast-hfb-mobile-header-display":"","site-post-title":"","ast-breadcrumbs-content":"","ast-featured-img":"","footer-sml-layout":"disabled","ast-disable-related-posts":"","theme-transparent-header-meta":"","adv-header-id-meta":"","stick-header-meta":"","header-above-stick-meta":"","header-main-stick-meta":"","header-below-stick-meta":"","astra-migrate-meta-layouts":"set","ast-page-background-enabled":"default","ast-page-background-meta":{"desktop":{"background-color":"","background-image":"","background-repeat":"repeat","background-position":"center center","background-size":"auto","background-attachment":"scroll","background-type":"","background-media":"","overlay-type":"","overlay-color":"","overlay-opacity":"","overlay-gradient":""},"tablet":{"background-color":"","background-image":"","background-repeat":"repeat","background-position":"center center","background-size":"auto","background-attachment":"scroll","background-type":"","background-media":"","overlay-type":"","overlay-color":"","overlay-opacity":"","overlay-gradient":""},"mobile":{"background-color":"","background-image":"","background-repeat":"repeat","background-position":"center center","background-size":"auto","background-attachment":"scroll","background-type":"","background-media":"","overlay-type":"","overlay-color":"","overlay-opacity":"","overlay-gradient":""}},"ast-content-background-meta":{"desktop":{"background-color":"var(--ast-global-color-5)","background-image":"","background-repeat":"repeat","background-position":"center center","background-size":"auto","background-attachment":"scroll","background-type":"","background-media":"","overlay-type":"","overlay-color":"","overlay-opacity":"","overlay-gradient":""},"tablet":{"background-color":"var(--ast-global-color-5)","background-image":"","background-repeat":"repeat","background-position":"center center","background-size":"auto","background-attachment":"scroll","background-type":"","background-media":"","overlay-type":"","overlay-color":"","overlay-opacity":"","overlay-gradient":""},"mobile":{"background-color":"var(--ast-global-color-5)","background-image":"","background-repeat":"repeat","background-position":"center center","background-size":"auto","background-attachment":"scroll","background-type":"","background-media":"","overlay-type":"","overlay-color":"","overlay-opacity":"","overlay-gradient":""}},"iawp_total_views":5,"footnotes":""},"class_list":["post-36623","page","type-page","status-publish","hentry"],"taxonomy_info":[],"featured_image_src_large":false,"author_info":{"display_name":"Benjamin","author_link":"https:\/\/www.kern-unternehmensnachfolge.com\/it\/author\/benjamin-onestop\/"},"comment_info":0,"_links":{"self":[{"href":"https:\/\/www.kern-unternehmensnachfolge.com\/it\/wp-json\/wp\/v2\/pages\/36623","targetHints":{"allow":["GET"]}}],"collection":[{"href":"https:\/\/www.kern-unternehmensnachfolge.com\/it\/wp-json\/wp\/v2\/pages"}],"about":[{"href":"https:\/\/www.kern-unternehmensnachfolge.com\/it\/wp-json\/wp\/v2\/types\/page"}],"author":[{"embeddable":true,"href":"https:\/\/www.kern-unternehmensnachfolge.com\/it\/wp-json\/wp\/v2\/users\/84"}],"replies":[{"embeddable":true,"href":"https:\/\/www.kern-unternehmensnachfolge.com\/it\/wp-json\/wp\/v2\/comments?post=36623"}],"version-history":[{"count":0,"href":"https:\/\/www.kern-unternehmensnachfolge.com\/it\/wp-json\/wp\/v2\/pages\/36623\/revisions"}],"up":[{"embeddable":true,"href":"https:\/\/www.kern-unternehmensnachfolge.com\/it\/wp-json\/wp\/v2\/pages\/27709"}],"wp:attachment":[{"href":"https:\/\/www.kern-unternehmensnachfolge.com\/it\/wp-json\/wp\/v2\/media?parent=36623"}],"curies":[{"name":"wp","href":"https:\/\/api.w.org\/{rel}","templated":true}]}}

<p><a target="_blank" href="https://www.kern-unternehmensnachfolge.com/it/" data-id-d="0" data-img-style="width: 100%;"><img decoding="async" src="https://www.kern-unternehmensnachfolge.com/wp-content/uploads/2023/05/kern_logo2023_rgb_farbig_transparent.png" height="502" width="1317" alt="KERN Logo" style="width: 100%;" loading="lazy"></a></p>
<h2 style="text-align: left;">Unternehmens­nachfolge, Unter­nehmens­verkauf, Generationswechsel</h2>
<h1>Treffen Sie die Spezia­lis­ten für Unternehmens­nachfolge in Bayreuth</h1>
<h3 style="text-align: left;">Ihr <span class="caps">KERN</span> Partner in Bayreuth</h3>
<h3 style>Wolfgang A. Bürger</h3>
<p>Jahrgang 1971, Bankkauf­mann, FH-Studi­um <span class="caps">BWL</span> in der Fachrich­tung Banken/Finanzierung, zerti­fi­zier­ter syste­mi­scher Berater und Coach mit den Schwer­punk­ten Strate­gie­ent­wick­lung, Change-Manage­ment und Nachfolgeprozesse.</p>
<p><span style="width: 100%;"><img decoding="async" alt="Wolfgang Buerger - Kern" title="Wolfgang Buerger - Kern" data-id="32566" src="https://www.kern-unternehmensnachfolge.com/wp-content/uploads/2025/01/Wolfgang-Buerger-Kern.jpg" style="aspect-ratio: auto 1680 / 945;" width="493" height="277" data-width="493" data-height="277" data-init-width="1680" data-init-height="945" mt-d="0" ml-d="0" center-v-d="false" mt-t="0" ml-t="0" loading="lazy"></span></p>
<h3 style>Reto Faulen­bach</h3>
<p>Jahrgang 1974, Sportöko­nom und Spezia­list für Nachfol­ge­lö­sun­gen. In seinen Führungs­auf­ga­ben hat er mehrfach erfolg­reich selbst den Prozess des Verkaufs erlebt und gestaltet.</p>
<p><span style="width: 100%;"><img decoding="async" alt title="unternehmensnachfolge-bayreuth-faulenbach" data-id="29946" src="https://www.kern-unternehmensnachfolge.com/wp-content/uploads/2024/02/unternehmensnachfolge-bayreuth-faulenbach.jpeg" style="aspect-ratio: auto 1280 / 720;" width="493" height="277" data-width="493" data-height="277" data-init-width="1280" data-init-height="720" mt-d="0" ml-d="0" center-v-d="false" mt-t="0" ml-t="-21.625" loading="lazy"></span></p>
<h3 style="text-align: center;">Bei uns sind Sie viel mehr als nur ein Kunde. Ihre Unternehmens­nachfolge liegt uns am Herzen.</h3>
<p>Sie sind auf der Suche nach einem Partner, der Ihre Unternehmens­nachfolge vertrau­ens­voll, kompe­tent und engagiert beglei­tet. Bei <span class="caps">KERN</span> treffen Sie Menschen, für die Sie mehr sind als eine Beratungs­kun­de. Menschen, die Sie verste­hen und die wissen, was dieser große Schritt für Sie ganz persön­lich bedeutet.</p>
<p>Oft handelt es sich um hohe und sehr wichti­ge Vermö­gens­wer­te. Es geht um Ihre persön­li­che Absiche­rung, die Zukunft Ihrer Mitar­bei­ter oder auch um Wachs­tum und die konkre­te Identi­fi­zie­rung des passen­den Käufers oder Verkäufers.</p>
<p>Die Erfah­rung und Exper­ti­se Ihres <span class="caps">KERN</span> Beraters kann Sie vor teuren und schwer­wie­gen­den Fehlern schüt­zen. Machen Sie jetzt den nächs­ten Schritt bei Ihrer Unternehmens­nachfolge, dem <a href="https://www.kern-unternehmensnachfolge.com/it/unternehmensverkauf/" target="_blank" style="outline: none;">Vendita d’impre­sa</a> , Unter­nehmens­kauf oder Generationswechsel.</p>
<p><strong><span class="caps">KERN</span> Unternehmens­nachfolge Bayreuth</strong><br> (alle Partner sind recht­lich eigen­stän­dig) <br>Oberkon­ners­reu­ther Straße <span class="caps">6A</span><br>95448 Bayreuth</p>
<p><a href="mailto:bayreuth@kern-unternehmensnachfolge.com" target="_blank" style="outline: none;">bayreuth@kern-unternehmensnachfolge.com</a></p>

<p>Unternehmensnachfolge, Unternehmensverkauf, Generationswechsel Treffen Sie die Spezialisten für Unternehmensnachfolge in Bayreuth Ihr KERN Partner in Bayreuth Wolfgang A. Bürger Jahrgang [&hellip;]</p>
