{"id":31865,"date":"2024-10-09T11:13:31","date_gmt":"2024-10-09T09:13:31","guid":{"rendered":"https:\/\/kern-unternehmensnachfolge.com\/?page_id=31865"},"modified":"2026-03-23T10:50:54","modified_gmt":"2026-03-23T09:50:54","slug":"company-succession-wiesbaden3-55","status":"publish","type":"page","link":"https:\/\/www.kern-unternehmensnachfolge.com\/en\/standort\/frankfurt\/","title":{"rendered":"<span class=\"caps\">KERN<\/span> \u2013 Gesamt Unter\u00adnehmens\u00adverkauf Frankfurt"},"content":{"rendered":"<p><a target=\"_blank\" href=\"https:\/\/www.kern-unternehmensnachfolge.com\" data-id-d=\"0\" data-img-style=\"width: 100%;\"><img decoding=\"async\" src=\"https:\/\/www.kern-unternehmensnachfolge.com\/wp-content\/uploads\/2023\/05\/kern_logo2023_rgb_farbig_transparent.png\" height=\"502\" width=\"1317\" alt=\"KERN Logo\" style=\"width: 100%;\" loading=\"lazy\"><\/img><\/a><\/p>\n<h2 style=\"text-align: left;\">Firmennachfolger gesucht? KERN ist der verl\u00e4ssliche Partner an Ihrer Seite.<\/h2>\n<h1 style=\"\"><span data-sheets-formula=\"=R[0]C[-6]&amp;&quot; - M&amp;A Beratung f\u00fcr Unternehmensnachfolge &amp; Unternehmensverkauf in&quot;&amp;&quot; &quot;&amp;R[0]C[-7]&amp;&quot; und Umgebung&quot;\" data-sheets-userformat=\"{&quot;2&quot;:2,&quot;4&quot;:{&quot;1&quot;:2,&quot;2&quot;:65280}}\" data-sheets-value=\"{&quot;1&quot;:2,&quot;2&quot;:&quot;Roland Greppmair, Holger Habermann - M&amp;A Beratung f\u00fcr Unternehmensnachfolge &amp; Unternehmensverkauf in M\u00fcnchen und Umgebung&quot;}\">Thomas D\u00f6rr &amp; Josef Andr\u00e9 &#8211; M&amp;A Beratung f\u00fcr Unternehmensnachfolge &amp; Unternehmensverkauf in Frankfurt und Umgebung<\/span><\/h1>\n<p>[tcb-script type=&#8220;application\/ld+json&#8220;]{  &#8222;@context&#8220;: &#8222;https:\/\/schema.org&#8220;,  &#8222;@type&#8220;: &#8222;LocalBusiness&#8220;,  &#8222;name&#8220;: &#8222;KERN \u2013 M&amp;A Beratung f\u00fcr Unternehmensnachfolge &amp; Unternehmensverkauf M\u00fcnchen&#8220;,  &#8222;image&#8220;: &#8222;https:\/\/www.kern-unternehmensnachfolge.com\/wp-content\/uploads\/2023\/05\/kern_logo2023_rgb_farbig_transparent.png&#8220;,  &#8222;@id&#8220;: &#8222;&#8220;,  &#8222;url&#8220;: &#8222;https:\/\/www.kern-unternehmensnachfolge.com\/standort\/muenchen\/&#8220;,  &#8222;telephone&#8220;: &#8222;+49 89 35473202&#8220;,  &#8222;address&#8220;: {    &#8222;@type&#8220;: &#8222;PostalAddress&#8220;,    &#8222;streetAddress&#8220;: &#8222;Theresienstra\u00dfe 1&#8220;,    &#8222;addressLocality&#8220;: &#8222;M\u00fcnchen&#8220;,    &#8222;postalCode&#8220;: &#8222;80333&#8220;,    &#8222;addressCountry&#8220;: &#8222;DE&#8220;  },  &#8222;geo&#8220;: {    &#8222;@type&#8220;: &#8222;GeoCoordinates&#8220;,    &#8222;latitude&#8220;: 48.146894,    &#8222;longitude&#8220;: 11.5787893  },  &#8222;openingHoursSpecification&#8220;: {    &#8222;@type&#8220;: &#8222;OpeningHoursSpecification&#8220;,    &#8222;dayOfWeek&#8220;: [      &#8222;Monday&#8220;,      &#8222;Tuesday&#8220;,      &#8222;Wednesday&#8220;,      &#8222;Thursday&#8220;,      &#8222;Friday&#8220;    ],    &#8222;opens&#8220;: &#8222;09:00&#8220;,    &#8222;closes&#8220;: &#8222;18:00&#8220;  },  &#8222;sameAs&#8220;: &#8222;https:\/\/www.linkedin.com\/in\/roland-greppmair-60a7737\/?originalSubdomain=de&#8220; }[\/tcb-script]<\/p>\n<h2 style=\"text-align: left;\">Ihre KERN Partner f\u00fcr Ihre Unternehmensnachfolge im Raum Frankfurt<\/h2>\n<p style=\"\"><strong>Thomas D\u00f6rr<\/strong><\/p>\n<p>Jahrgang 1968, Bankkaufmann, systemischer Coach, Dipl.-Kfm. mit Studium in Marburg, G\u00f6ttingen und den USA. Zertifizierter Wirtschaftsmediator (Ausbildung gem. BM).<\/p>\n<p><span style=\"width: 100%;\"><img decoding=\"async\" alt=\"\" title=\"unternehmensnachfolge-frankfurt-doerr\" data-id=\"3178\" src=\"https:\/\/www.kern-unternehmensnachfolge.com\/wp-content\/uploads\/2018\/09\/unternehmensnachfolge-frankfurt-2018-09-11-21.37.48.jpg\" style=\"aspect-ratio: auto 1080 \/ 608;\" width=\"493\" height=\"277\" data-width=\"493\" data-height=\"277\" data-init-width=\"1080\" data-init-height=\"608\" loading=\"lazy\"><\/span><\/p>\n<p style=\"\"><strong>Josef Andr\u00e9<\/strong><\/p>\n<p><strong><\/strong>Jahrgang 1975, Diplom-Ingenieur (HTL), Fachrichtung Bautechnik, dipl. systemischer Business &amp; Management Coach (CAS\/ECA) f\u00fcr Ver\u00e4nderung, Innovation und Transaktion.<\/p>\n<p><span style=\"width: 100%;\"><img decoding=\"async\" alt=\"\" title=\"unternehmensnachfolge-frankfurt-andre\" data-id=\"24417\" src=\"https:\/\/www.kern-unternehmensnachfolge.com\/wp-content\/uploads\/2022\/09\/Kern_26-29_06_22_11329-andre-Gross-e1663002795808.jpeg\" style=\"aspect-ratio: auto 1280 \/ 720;\" width=\"493\" height=\"277\" data-width=\"493\" data-height=\"277\" data-init-width=\"1280\" data-init-height=\"720\" loading=\"lazy\"><\/span><\/p>\n<p style=\"\"><strong>Carsten Weber<\/strong><\/p>\n<p>Jahrgang 1976, Bankkaufmann, Dipl. Betriebswirt (FH) mit Schwerpunkt Unternehmensf\u00fchrung &amp; Controlling sowie zertifizierter Mergers &amp; Acquisitions Specialist.<\/p>\n<p><span style=\"width: 100%;\"><img decoding=\"async\" alt=\"Carsten Weber kennenlernen - Standort Darmstadt\" title=\"Carsten Weber kennenlernen - Standort Darmstadt\" data-id=\"35457\" src=\"https:\/\/www.kern-unternehmensnachfolge.com\/wp-content\/uploads\/2025\/12\/Carsten-Weber-kennenlernen-Standort-Darmstadt.webp\" style=\"aspect-ratio: auto 1400 \/ 950;\" width=\"493\" height=\"334\" data-width=\"493\" data-height=\"334\" data-init-width=\"1400\" data-init-height=\"950\" mt-d=\"0\" ml-d=\"0\" center-v-d=\"false\" loading=\"lazy\"><\/span><\/p>\n<h2 style=\"text-align: center;\">Bei uns sind Sie viel mehr als nur ein Kunde. Ihr Unternehmensverkauf liegt uns am Herzen.<\/h2>\n<p>Sie sind auf der Suche nach einem Partner, der Ihre Unternehmensnachfolge vertrauensvoll, kompetent und engagiert begleitet. Bei KERN treffen Sie Menschen, f\u00fcr die Sie mehr sind als ein Beratungskunde. Menschen, die Sie verstehen und die wissen, was dieser gro\u00dfe Schritt &#8211; der Unternehmensverkauf- f\u00fcr Sie ganz pers\u00f6nlich bedeutet.<\/p>\n<p>Oft geht es um hohe und sehr wichtige Verm\u00f6genswerte. Es geht um Ihre pers\u00f6nliche Absicherung, die Zukunft Ihrer Mitarbeiter oder auch um Wachstum und die konkrete Identifizierung des passenden K\u00e4ufers oder Verk\u00e4ufers.<\/p>\n<p>Die Erfahrung und Expertise Ihres KERN Beraters kann Sie vor teuren und schwerwiegenden Fehlern sch\u00fctzen. Machen Sie jetzt den n\u00e4chsten Schritt bei Ihrer Unternehmensnachfolge, dem Unternehmensverkauf, Unternehmenskauf oder Generationswechsel.<\/p>\n<p><strong><strong><span data-sheets-formula=\"=&quot;KERN \u2013 M&amp;A Beratung f\u00fcr Unternehmensnachfolge &amp; Unternehmensverkauf&quot;&amp;&quot; &quot;&amp;R[0]C[-4]\" data-sheets-userformat=\"{&quot;2&quot;:2,&quot;4&quot;:{&quot;1&quot;:2,&quot;2&quot;:65280}}\" data-sheets-value=\"{&quot;1&quot;:2,&quot;2&quot;:&quot;KERN \u2013 M&amp;A Beratung f\u00fcr Unternehmensnachfolge &amp; Unternehmensverkauf Bremen&quot;}\">KERN \u2013 M&amp;A Beratung f\u00fcr Unternehmensnachfolge &amp; Unternehmensverkauf in<\/span><\/strong>&nbsp;Frankfurt am Main<\/strong><br \/>Rechtlich eigenst\u00e4ndiger Standort<strong><br \/><\/strong>Rahmannstra\u00dfe 11<br \/>65760 Eschborn<a href=\"tel:+49-6196-5253957\" target=\"_blank\" style=\"outline: none;\"><br \/><\/a><br \/><a href=\"mailto:frankfurt@kern-unternehmensnachfolge.com\" target=\"_blank\" style=\"outline: none;\">frankfurt@kern-unternehmensnachfolge.com<\/a><\/p>\n<p>Weitere Standortangaben:<br \/>&#8211; Parkpl\u00e4tze gut verf\u00fcgbar <br \/>&#8211; N\u00e4he U-Bahn Haltestelle Gern (U1\/U7)<\/p>\n<p><span style=\"width: 100%;\"><a href=\"https:\/\/search.google.com\/local\/writereview?placeid=ChIJ5Y3IxeEJvUcRvmYHcxzinHg\" target=\"_blank\" rel=\"noopener\"><img decoding=\"async\" alt=\"\" title=\"bewerten-sie-mich-google\" data-id=\"528\" src=\"https:\/\/www.kern-unternehmensnachfolge.com\/wp-content\/uploads\/2018\/06\/bewerten-sie-mich-google.png\" style=\"aspect-ratio: auto 300 \/ 300;\" width=\"220\" height=\"220\" data-width=\"220\" data-height=\"220\" data-init-width=\"300\" data-init-height=\"300\" loading=\"lazy\"><\/a><\/span><\/p>\n","protected":false},"excerpt":{"rendered":"<p>Firmennachfolger gesucht? KERN ist der verl\u00e4ssliche Partner an Ihrer Seite. Thomas D\u00f6rr &amp; Josef Andr\u00e9 &#8211; M&amp;A Beratung f\u00fcr Unternehmensnachfolge [&hellip;]<\/p>\n","protected":false},"author":1,"featured_media":0,"parent":27709,"menu_order":0,"comment_status":"closed","ping_status":"closed","template":"","meta":{"wp_typography_post_enhancements_disabled":false,"_kad_blocks_custom_css":"","_kad_blocks_head_custom_js":"","_kad_blocks_body_custom_js":"","_kad_blocks_footer_custom_js":"","site-sidebar-layout":"no-sidebar","site-content-layout":"page-builder","ast-site-content-layout":"full-width-container","site-content-style":"unboxed","site-sidebar-style":"unboxed","ast-global-header-display":"disabled","ast-banner-title-visibility":"disabled","ast-main-header-display":"","ast-hfb-above-header-display":"","ast-hfb-below-header-display":"","ast-hfb-mobile-header-display":"","site-post-title":"","ast-breadcrumbs-content":"","ast-featured-img":"","footer-sml-layout":"disabled","ast-disable-related-posts":"","theme-transparent-header-meta":"","adv-header-id-meta":"","stick-header-meta":"","header-above-stick-meta":"","header-main-stick-meta":"","header-below-stick-meta":"","astra-migrate-meta-layouts":"set","ast-page-background-enabled":"default","ast-page-background-meta":{"desktop":{"background-color":"","background-image":"","background-repeat":"repeat","background-position":"center center","background-size":"auto","background-attachment":"scroll","background-type":"","background-media":"","overlay-type":"","overlay-color":"","overlay-opacity":"","overlay-gradient":""},"tablet":{"background-color":"","background-image":"","background-repeat":"repeat","background-position":"center center","background-size":"auto","background-attachment":"scroll","background-type":"","background-media":"","overlay-type":"","overlay-color":"","overlay-opacity":"","overlay-gradient":""},"mobile":{"background-color":"","background-image":"","background-repeat":"repeat","background-position":"center center","background-size":"auto","background-attachment":"scroll","background-type":"","background-media":"","overlay-type":"","overlay-color":"","overlay-opacity":"","overlay-gradient":""}},"ast-content-background-meta":{"desktop":{"background-color":"var(--ast-global-color-5)","background-image":"","background-repeat":"repeat","background-position":"center center","background-size":"auto","background-attachment":"scroll","background-type":"","background-media":"","overlay-type":"","overlay-color":"","overlay-opacity":"","overlay-gradient":""},"tablet":{"background-color":"var(--ast-global-color-5)","background-image":"","background-repeat":"repeat","background-position":"center center","background-size":"auto","background-attachment":"scroll","background-type":"","background-media":"","overlay-type":"","overlay-color":"","overlay-opacity":"","overlay-gradient":""},"mobile":{"background-color":"var(--ast-global-color-5)","background-image":"","background-repeat":"repeat","background-position":"center center","background-size":"auto","background-attachment":"scroll","background-type":"","background-media":"","overlay-type":"","overlay-color":"","overlay-opacity":"","overlay-gradient":""}},"iawp_total_views":54,"footnotes":""},"class_list":["post-31865","page","type-page","status-publish","hentry"],"taxonomy_info":[],"featured_image_src_large":false,"author_info":{"display_name":"filialleiter","author_link":"https:\/\/www.kern-unternehmensnachfolge.com\/en\/author\/filialleiter\/"},"comment_info":0,"_links":{"self":[{"href":"https:\/\/www.kern-unternehmensnachfolge.com\/en\/wp-json\/wp\/v2\/pages\/31865","targetHints":{"allow":["GET"]}}],"collection":[{"href":"https:\/\/www.kern-unternehmensnachfolge.com\/en\/wp-json\/wp\/v2\/pages"}],"about":[{"href":"https:\/\/www.kern-unternehmensnachfolge.com\/en\/wp-json\/wp\/v2\/types\/page"}],"author":[{"embeddable":true,"href":"https:\/\/www.kern-unternehmensnachfolge.com\/en\/wp-json\/wp\/v2\/users\/1"}],"replies":[{"embeddable":true,"href":"https:\/\/www.kern-unternehmensnachfolge.com\/en\/wp-json\/wp\/v2\/comments?post=31865"}],"version-history":[{"count":0,"href":"https:\/\/www.kern-unternehmensnachfolge.com\/en\/wp-json\/wp\/v2\/pages\/31865\/revisions"}],"up":[{"embeddable":true,"href":"https:\/\/www.kern-unternehmensnachfolge.com\/en\/wp-json\/wp\/v2\/pages\/27709"}],"wp:attachment":[{"href":"https:\/\/www.kern-unternehmensnachfolge.com\/en\/wp-json\/wp\/v2\/media?parent=31865"}],"curies":[{"name":"wp","href":"https:\/\/api.w.org\/{rel}","templated":true}]}}

<p><a target="_blank" href="https://www.kern-unternehmensnachfolge.com" data-id-d="0" data-img-style="width: 100%;"><img decoding="async" src="https://www.kern-unternehmensnachfolge.com/wp-content/uploads/2023/05/kern_logo2023_rgb_farbig_transparent.png" height="502" width="1317" alt="KERN Logo" style="width: 100%;" loading="lazy"></img></a></p>
<h2 style="text-align: left;">Firmennachfolger gesucht? KERN ist der verlässliche Partner an Ihrer Seite.</h2>
<h1 style=""><span data-sheets-formula="=R[0]C[-6]&amp;&quot; - M&amp;A Beratung für Unternehmensnachfolge &amp; Unternehmensverkauf in&quot;&amp;&quot; &quot;&amp;R[0]C[-7]&amp;&quot; und Umgebung&quot;" data-sheets-userformat="{&quot;2&quot;:2,&quot;4&quot;:{&quot;1&quot;:2,&quot;2&quot;:65280}}" data-sheets-value="{&quot;1&quot;:2,&quot;2&quot;:&quot;Roland Greppmair, Holger Habermann - M&amp;A Beratung für Unternehmensnachfolge &amp; Unternehmensverkauf in München und Umgebung&quot;}">Thomas Dörr &amp; Josef André &#8211; M&amp;A Beratung für Unternehmensnachfolge &amp; Unternehmensverkauf in Frankfurt und Umgebung</span></h1>
<p>[tcb-script type=&#8220;application/ld+json&#8220;]{  &#8222;@context&#8220;: &#8222;https://schema.org&#8220;,  &#8222;@type&#8220;: &#8222;LocalBusiness&#8220;,  &#8222;name&#8220;: &#8222;KERN – M&amp;A Beratung für Unternehmensnachfolge &amp; Unternehmensverkauf München&#8220;,  &#8222;image&#8220;: &#8222;https://www.kern-unternehmensnachfolge.com/wp-content/uploads/2023/05/kern_logo2023_rgb_farbig_transparent.png&#8220;,  &#8222;@id&#8220;: &#8222;&#8220;,  &#8222;url&#8220;: &#8222;https://www.kern-unternehmensnachfolge.com/standort/muenchen/&#8220;,  &#8222;telephone&#8220;: &#8222;+49 89 35473202&#8220;,  &#8222;address&#8220;: {    &#8222;@type&#8220;: &#8222;PostalAddress&#8220;,    &#8222;streetAddress&#8220;: &#8222;Theresienstraße 1&#8220;,    &#8222;addressLocality&#8220;: &#8222;München&#8220;,    &#8222;postalCode&#8220;: &#8222;80333&#8220;,    &#8222;addressCountry&#8220;: &#8222;DE&#8220;  },  &#8222;geo&#8220;: {    &#8222;@type&#8220;: &#8222;GeoCoordinates&#8220;,    &#8222;latitude&#8220;: 48.146894,    &#8222;longitude&#8220;: 11.5787893  },  &#8222;openingHoursSpecification&#8220;: {    &#8222;@type&#8220;: &#8222;OpeningHoursSpecification&#8220;,    &#8222;dayOfWeek&#8220;: [      &#8222;Monday&#8220;,      &#8222;Tuesday&#8220;,      &#8222;Wednesday&#8220;,      &#8222;Thursday&#8220;,      &#8222;Friday&#8220;    ],    &#8222;opens&#8220;: &#8222;09:00&#8220;,    &#8222;closes&#8220;: &#8222;18:00&#8220;  },  &#8222;sameAs&#8220;: &#8222;https://www.linkedin.com/in/roland-greppmair-60a7737/?originalSubdomain=de&#8220; }[/tcb-script]</p>
<h2 style="text-align: left;">Ihre KERN Partner für Ihre Unternehmensnachfolge im Raum Frankfurt</h2>
<p style=""><strong>Thomas Dörr</strong></p>
<p>Jahrgang 1968, Bankkaufmann, systemischer Coach, Dipl.-Kfm. mit Studium in Marburg, Göttingen und den USA. Zertifizierter Wirtschaftsmediator (Ausbildung gem. BM).</p>
<p><span style="width: 100%;"><img decoding="async" alt="" title="unternehmensnachfolge-frankfurt-doerr" data-id="3178" src="https://www.kern-unternehmensnachfolge.com/wp-content/uploads/2018/09/unternehmensnachfolge-frankfurt-2018-09-11-21.37.48.jpg" style="aspect-ratio: auto 1080 / 608;" width="493" height="277" data-width="493" data-height="277" data-init-width="1080" data-init-height="608" loading="lazy"></span></p>
<p style=""><strong>Josef André</strong></p>
<p><strong></strong>Jahrgang 1975, Diplom-Ingenieur (HTL), Fachrichtung Bautechnik, dipl. systemischer Business &amp; Management Coach (CAS/ECA) für Veränderung, Innovation und Transaktion.</p>
<p><span style="width: 100%;"><img decoding="async" alt="" title="unternehmensnachfolge-frankfurt-andre" data-id="24417" src="https://www.kern-unternehmensnachfolge.com/wp-content/uploads/2022/09/Kern_26-29_06_22_11329-andre-Gross-e1663002795808.jpeg" style="aspect-ratio: auto 1280 / 720;" width="493" height="277" data-width="493" data-height="277" data-init-width="1280" data-init-height="720" loading="lazy"></span></p>
<p style=""><strong>Carsten Weber</strong></p>
<p>Jahrgang 1976, Bankkaufmann, Dipl. Betriebswirt (FH) mit Schwerpunkt Unternehmensführung &amp; Controlling sowie zertifizierter Mergers &amp; Acquisitions Specialist.</p>
<p><span style="width: 100%;"><img decoding="async" alt="Carsten Weber kennenlernen - Standort Darmstadt" title="Carsten Weber kennenlernen - Standort Darmstadt" data-id="35457" src="https://www.kern-unternehmensnachfolge.com/wp-content/uploads/2025/12/Carsten-Weber-kennenlernen-Standort-Darmstadt.webp" style="aspect-ratio: auto 1400 / 950;" width="493" height="334" data-width="493" data-height="334" data-init-width="1400" data-init-height="950" mt-d="0" ml-d="0" center-v-d="false" loading="lazy"></span></p>
<h2 style="text-align: center;">Bei uns sind Sie viel mehr als nur ein Kunde. Ihr Unternehmensverkauf liegt uns am Herzen.</h2>
<p>Sie sind auf der Suche nach einem Partner, der Ihre Unternehmensnachfolge vertrauensvoll, kompetent und engagiert begleitet. Bei KERN treffen Sie Menschen, für die Sie mehr sind als ein Beratungskunde. Menschen, die Sie verstehen und die wissen, was dieser große Schritt &#8211; der Unternehmensverkauf- für Sie ganz persönlich bedeutet.</p>
<p>Oft geht es um hohe und sehr wichtige Vermögenswerte. Es geht um Ihre persönliche Absicherung, die Zukunft Ihrer Mitarbeiter oder auch um Wachstum und die konkrete Identifizierung des passenden Käufers oder Verkäufers.</p>
<p>Die Erfahrung und Expertise Ihres KERN Beraters kann Sie vor teuren und schwerwiegenden Fehlern schützen. Machen Sie jetzt den nächsten Schritt bei Ihrer Unternehmensnachfolge, dem Unternehmensverkauf, Unternehmenskauf oder Generationswechsel.</p>
<p><strong><strong><span data-sheets-formula="=&quot;KERN – M&amp;A Beratung für Unternehmensnachfolge &amp; Unternehmensverkauf&quot;&amp;&quot; &quot;&amp;R[0]C[-4]" data-sheets-userformat="{&quot;2&quot;:2,&quot;4&quot;:{&quot;1&quot;:2,&quot;2&quot;:65280}}" data-sheets-value="{&quot;1&quot;:2,&quot;2&quot;:&quot;KERN – M&amp;A Beratung für Unternehmensnachfolge &amp; Unternehmensverkauf Bremen&quot;}">KERN – M&amp;A Beratung für Unternehmensnachfolge &amp; Unternehmensverkauf in</span></strong>&nbsp;Frankfurt am Main</strong><br />Rechtlich eigenständiger Standort<strong><br /></strong>Rahmannstraße 11<br />65760 Eschborn<a href="tel:+49-6196-5253957" target="_blank" style="outline: none;"><br /></a><br /><a href="mailto:frankfurt@kern-unternehmensnachfolge.com" target="_blank" style="outline: none;">frankfurt@kern-unternehmensnachfolge.com</a></p>
<p>Weitere Standortangaben:<br />&#8211; Parkplätze gut verfügbar <br />&#8211; Nähe U-Bahn Haltestelle Gern (U1/U7)</p>
<p><span style="width: 100%;"><a href="https://search.google.com/local/writereview?placeid=ChIJ5Y3IxeEJvUcRvmYHcxzinHg" target="_blank" rel="noopener"><img decoding="async" alt="" title="bewerten-sie-mich-google" data-id="528" src="https://www.kern-unternehmensnachfolge.com/wp-content/uploads/2018/06/bewerten-sie-mich-google.png" style="aspect-ratio: auto 300 / 300;" width="220" height="220" data-width="220" data-height="220" data-init-width="300" data-init-height="300" loading="lazy"></a></span></p>

<p>Firmennachfolger gesucht? KERN ist der verlässliche Partner an Ihrer Seite. Thomas Dörr &amp; Josef André &#8211; M&amp;A Beratung für Unternehmensnachfolge [&hellip;]</p>
